t is the highest common factor of l and 64?
32
Let n(z) = 57*z + 9556. Let m be n(-164). Calculate the highest common factor of 767 and m.
13
Let z(q) = -24419*q + 26. Let s be z(-2). What is the greatest common divisor of 96 and s?
96
Let m = 21311 - -3777. Calculate the greatest common divisor of m and 28.
28
Suppose 1106 = 32*w - 4494. What is the greatest common factor of w and 6650?
175
Suppose 17*m - 15*m + 18 = -5*w, 0 = -m - 3*w - 9. Let t be (-277)/m + (-76)/(-342). What is the greatest common divisor of t and 1519?
31
Suppose -2687 + 245 = -74*j. What is the greatest common divisor of j and 2442?
33
Suppose 9*v + 54 = 15*v. Let f = 11 - v. Calculate the highest common divisor of f and 52.
2
Let y(z) = 25*z + 276. Let c = 8 - 18. Let a be y(c). Calculate the greatest common factor of 208 and a.
26
Suppose -5*b + 25770 = 5*z, -2*b + 260*z = 257*z - 10278. Calculate the highest common factor of 6 and b.
6
Let x = -2271 - -2356. Calculate the greatest common divisor of 40 and x.
5
Suppose k = 2*k + 3*k. Suppose k = -s - 4 + 76. Let g(t) = t + 14. Let w be g(-6). What is the greatest common factor of s and w?
8
Let l = 2359 + -2303. Calculate the highest common divisor of l and 378.
14
Suppose -3*v + 4 = -5*v. Let a be 10/(v/66*15/(-10)). Let n be (-2)/((3 - 12/8)/(-15)). Calculate the highest common factor of a and n.
20
Let m be (-1)/((0 + -2)/(-92)). Let f = -47 - m. Let s be f/(-6) - (-609)/18. What is the highest common factor of 34 and s?
34
Let a = -384 - -543. Calculate the greatest common divisor of 212 and a.
53
Suppose 123*h - 174*h = -192474. What is the highest common divisor of 1110 and h?
222
Suppose 2*a - 62 = 3*q, -8*a = -4*a + 8. Let s = q + 35. Let n = 33 - s. What is the greatest common divisor of n and 5?
5
Let h be (0/((-4)/(-4)))/(2*-1). Suppose -3*n + 0*n + 282 = h. Suppose -92*a + n*a - 224 = 0. What is the greatest common divisor of a and 28?
28
Suppose 2*s = 4*n + 72, -162*n = -3*s - 166*n + 78. What is the greatest common divisor of 38 and s?
2
Let t = -5189 - -7309. What is the greatest common divisor of 120 and t?
40
Let k be (-38 - 1)/(11564/(-1372) + (7 - -1)). What is the highest common factor of 338 and k?
13
Suppose -6*l + 24 = -3*l. Let k be l/12*(-195)/(-10). Suppose 6*b - 67 = -k. What is the greatest common factor of b and 63?
9
Let h(x) = 2*x**3 - 3*x**2 - 2*x - 1. Let y be h(3). Suppose -2*t - r = -129, 5*t = 9*t + 4*r - 276. What is the greatest common divisor of y and t?
20
Let w = 61 + -28. Suppose 37*y - w*y = 96. What is the highest common factor of y and 24?
24
Let i be (9351 + -91)*(-2)/(-5). What is the highest common factor of i and 16?
8
Let g(w) = 24*w - 205. Let x be g(10). Calculate the greatest common factor of x and 1600.
5
Let f = 18607 + -18594. What is the greatest common divisor of f and 11401?
13
Let j(i) = 2*i**2 + 271*i - 76. Let z be j(20). What is the greatest common factor of z and 24?
24
Let s = 147 + -7. Let p(r) = -5*r**3 - 7*r**2 - 4*r - 16. Let a be p(-3). Let g be (-11)/(1309/a) - (-400)/14. Calculate the highest common factor of s and g.
28
Suppose 3 = 3*r, -5*r = -0*n - 2*n + 39. Calculate the highest common factor of 2 and n.
2
Let w = -3306 + 3400. What is the greatest common divisor of w and 517?
47
Let a = 5912 + -5888. What is the greatest common divisor of a and 642?
6
Let n be 13362/68*(-1 + 284/12). What is the greatest common factor of 34 and n?
34
Let q = 46128 - 38380. Calculate the greatest common divisor of q and 104.
52
Let s = -2 - -4. Suppose s*n - 72 = -2*n. Let o be (8/(-6))/((-12)/n). What is the greatest common divisor of o and 2?
2
Let g(n) = 29*n + 25. Let s be g(17). Let o = -738 + s. Let z be (2*8)/(o/(-72) + -3). Calculate the highest common factor of 32 and z.
32
Let c(h) = 56*h + 850. Let p be c(-8). Calculate the greatest common factor of p and 603.
201
Suppose 9714 = 7*w + 4*l, 0 = -2*w - 2*w + 5*l + 5529. Calculate the highest common divisor of w and 14.
14
Let z(a) = -7*a - 39. Let h be z(-12). What is the greatest common factor of h and 72?
9
Let n(m) = -85*m + 9010. Let d be n(81). Calculate the highest common divisor of d and 680.
85
Let t(r) = 105*r + 11. Let a = 141 - 139. Let j be t(a). What is the highest common factor of 102 and j?
17
Suppose -457 - 1243 = -10*n. Calculate the highest common factor of 68 and n.
34
Let t(q) = q**3 + 56*q**2 + 86*q - 27. Let d be t(-54). Calculate the highest common divisor of 18 and d.
9
Let r = -229 + 271. Suppose 4*y = -3*l + 58 + r, -102 = -5*y + 2*l. Calculate the greatest common divisor of y and 88.
22
Let m be (-16)/7 + 2 + 37/7. Suppose m*l - 4 = 4*x, 5*l + 4*x + x = -5. Let y be -3 + l - (2 + (-149 - 0)). What is the greatest common divisor of 18 and y?
18
Suppose -3*x - 35*m + 90 = -39*m, -4*x = -2*m - 110. Let t = 891 + -397. Calculate the highest common factor of x and t.
26
Suppose 4*b = 3*d, 31 = 2*d + 5*b + 8. Let s be 8/5 + d/10. Suppose -8*n + 3*n = 3*v - 29, 22 = s*v + 2*n. Calculate the greatest common factor of v and 13.
13
Suppose -3*u = -3*l + 69, -15 = -l + 2*u + 3. Let c = -1343 + 1441. What is the greatest common divisor of c and l?
14
Let c(y) = -13 + 7*y + y - 7*y - 2*y. Let u be c(-7). Let f be -4 - 29*(u + 4). What is the greatest common divisor of f and 18?
18
Let r(t) = t + 126. Let j = -25 + 16. Let p be r(j). Calculate the greatest common divisor of p and 78.
39
Let f(q) = -25*q + 36. Let o be f(-5). Suppose x - o = 4*w - 2*w, -5*w = 5*x - 805. Calculate the greatest common divisor of x and 92.
23
Suppose -15 + 65 = -5*y. Let t be 240/50 + (-2)/y. Suppose -t*i + 7*i - 44 = 0. Calculate the highest common factor of i and 2.
2
Let f = 343 - 241. Let w = 120 - f. What is the highest common factor of w and 2?
2
Let q(i) = 95*i**3 + i**2 + 3*i - 4. Let d be q(2). Let b be d/(3 + -4 + 3). Let c = -251 + b. What is the highest common factor of 12 and c?
12
Let f be 322/230 - (-473)/5. Calculate the highest common factor of 5328 and f.
48
Suppose 0 = -7*a + 93 - 9. Let g be (-2)/a + (489/(-18))/(-1). Suppose -55 = -5*q + 2*r - 7*r, 34 = 4*q - r. Calculate the highest common divisor of g and q.
9
Let l be ((-14)/2 + 3)/(16/(-1368)). Suppose 90 = -10*z + 15*z. Calculate the highest common factor of z and l.
18
Let c = 22 - 34. Let a be (-56)/c*108/14. Suppose 4*v = -0*u - 2*u + 6, -5*u + 51 = -2*v. Calculate the greatest common divisor of a and u.
9
Let n(x) = -195*x**3 - 4*x**2 - 3*x + 4. Let g be n(-1). Let b be 3/(6 + 3)*(33 - 0). Calculate the greatest common divisor of b and g.
11
Let h(c) = -20*c + 1599. Let q be h(-28). What is the greatest common divisor of q and 34?
17
Suppose -729876 = -490*u - 13986. Calculate the greatest common divisor of u and 12.
3
Suppose -132 = -m - 0*m. Let b be (534/(-712))/(2 + (-126)/64). Let c be (80/8)/(-20)*b. Calculate the highest common divisor of c and m.
12
Let h be -6 + (8 - (6 - 4)). Suppose -705 = -2*p + 3*d, -3*p - d + 609 + 476 = h. Let f = 156 - 111. Calculate the highest common divisor of f and p.
45
Let i = -8 - -25. Let x be ((-1)/(-3))/((-17)/(-112302)). Suppose -536 + x = 14*o. Calculate the greatest common divisor of i and o.
17
Let w(y) = -5 - 46 + 96*y - 105*y. Let j be w(-12). What is the greatest common divisor of j and 38?
19
Let y(a) = 70*a**3 + a**2 - 2*a. Let d be y(1). Let o = -57 - d. Let t = 182 + o. What is the greatest common divisor of 14 and t?
14
Let i = -127582 - -127604. Let u = 82 + -49. What is the highest common divisor of i and u?
11
Let a be ((-8)/6)/((-2)/9). Let i(c) = 19*c - c**2 - 13 - 20 - 10 + c. Let p be i(13). What is the greatest common factor of p and a?
6
Let q(f) = f**3 + 3*f**2 - 25*f + 16. Let y be q(-7). Let o be 3369/15 + 1*(-2)/y. Calculate the highest common factor of o and 9.
9
Let o(y) = y - 6. Let n be o(11). Let j = n + -2. Suppose 3*h - 4*h + 180 = 3*s, -j*h = s - 60. What is the greatest common factor of 30 and s?
30
Let l be (-64)/80 - 2/10. Let w be l/(3/21*8/(-8)). Calculate the highest common divisor of w and 133.
7
Let c(i) = -31*i + 2. Let z be c(-2). Let m be ((-3)/(-6))/(444/(-64) + (-98)/(-14)). What is the highest common divisor of m and z?
8
Let v = -333 + 535. Let q = v - 171. Calculate the greatest common divisor of q and 279.
31
Let n be 4/((-12)/(-4621